ose 0 = -2*n + 5 + 47. Calculate the greatest common factor of n and 117.
13
Let j(d) = d**2 - 9*d + 9. Let v be j(8). Let b(m) = 29*m**2 - m. Let i be b(v). Suppose -2*o - 2*o = -i. What is the greatest common divisor of 63 and o?
7
Let d be (-128)/(-12) - 8/(-6). Calculate the highest common divisor of 12 and d.
12
Suppose 5*d + 3*k = 2*d + 57, 2*k - 57 = -3*d. Calculate the highest common factor of d and 19.
19
Let t = 204 + -105. Calculate the highest common divisor of t and 9.
9
Let q(p) be the first derivative of 12*p**2 + 4*p - 7. Let d be q(9). What is the highest common factor of d and 20?
20
Let j be (3 + (-32)/12)/(3/63). Calculate the greatest common factor of 49 and j.
7
Suppose b + 144 = 5*z - 616, 624 = 4*z - 4*b. Let t = z - 95. Suppose 5*r = -3*d + t, -2*r + 4*d - 53 = -7*r. What is the highest common factor of 143 and r?
13
Let r be 10/((4/(-8))/((-2)/8)). Calculate the highest common divisor of 5 and r.
5
Suppose -2*g - 2*o = -24, 2*g - 3*o - 44 + 0 = 0. Let k = 27 - g. Suppose -2*c = -c - n - 23, 4*n = -4. Calculate the greatest common divisor of c and k.
11
Let x be ((-966)/(-9) + 6)*3/2. What is the greatest common factor of x and 34?
34
Let v = -2 + 11. Suppose 5*h = -v + 79. What is the greatest common divisor of h and 35?
7
Suppose x - 136 = 32. Let o = 16 - -8. What is the highest common divisor of o and x?
24
Let j(h) = -h**3 + 16*h**2 - 9*h - 36. Let g be j(15). What is the greatest common divisor of 18 and g?
18
Suppose -196 = -4*j - 4*h, j - 2*h = 14 + 41. Suppose -3*d = -0*d + 12, 0 = -u + 2*d - 23. Let i = u + j. Calculate the highest common factor of 30 and i.
10
Suppose 400 = -33*a + 38*a. Calculate the greatest common factor of 16 and a.
16
Suppose 51*i - 56*i + 1260 = 0. Calculate the highest common divisor of 42 and i.
42
Suppose 5*j = 4*u + 550 - 134, -2*j = -3*u - 165. What is the greatest common divisor of j and 12?
12
Suppose -27 = -w - 2*w - 3*p, -3*p - 21 = -3*w. What is the highest common factor of 4 and w?
4
Suppose -5*g - 70 = -5*k, -2*g + 5 = 1. Let o = 12 + 80. Suppose -k = 4*x - o. Calculate the highest common factor of 152 and x.
19
Suppose 4*x - 7 = 9. Suppose -w = x*k - 2*k - 18, -k + 59 = 3*w. Calculate the highest common factor of 60 and w.
20
Let s(h) = h**3 + 5*h**2 - 14*h + 4. Let z be s(3). Calculate the greatest common factor of 34 and z.
34
Let u be 15/4 + 11/44. Suppose -2*x = -2 - 2, u*a + 2*x - 44 = 0. Calculate the greatest common factor of 5 and a.
5
Suppose 26 = -4*b - 10. Let h = 49 + b. Calculate the greatest common factor of 5 and h.
5
Suppose 2*s - 5*i = 15, 4*s = -3*i - i + 72. Suppose 12 = -5*h + 2*h. Let l = 109 + h. What is the greatest common divisor of s and l?
15
Let g be ((-1)/(-2))/((-10)/(-120)). Calculate the greatest common factor of 3 and g.
3
Let z = 21 + 15. Calculate the highest common divisor of z and 36.
36
Let c(k) = -5*k - 55. Let o be c(-14). Calculate the highest common factor of 20 and o.
5
Let t = -33 + 55. Calculate the highest common divisor of t and 176.
22
Suppose -5*g - 3 = -8*g. Suppose g = 2*p - 17. What is the highest common divisor of p and 99?
9
Let u(t) = -t**3 - 7*t**2 - 8*t - 6. Let m be u(-6). Suppose -4*v + 6 = -2, 0 = -5*k - v + 382. Let s = 106 - k. What is the greatest common factor of s and m?
6
Suppose 57*i = 53*i + 700. What is the highest common divisor of i and 25?
25
Suppose 0 = -3*u - 2*m + 11, 2*m = -u + 8 - 3. Suppose -358 = -u*k + 2. Calculate the greatest common divisor of 24 and k.
24
Suppose 12 = u + 2*u. Suppose u*f + 5*q = 91, 21 + 23 = 2*f + 4*q. Calculate the greatest common factor of 12 and f.
12
Let l be 11554/30 + 12/(-90). Calculate the highest common factor of l and 35.
35
Let o be (-1)/((-5)/(-3) + -2). Let d be 1/2 + o/2. Suppose -5*h - 25 = -3*k, 0 = k + 2*h - 21 - d. Calculate the highest common divisor of k and 105.
15
Let c(l) = -l + 1. Let m be c(1). Suppose 5*j - 2*z - 39 = m, 0*z + 2*z = 6. What is the greatest common factor of j and 99?
9
Let h = 19 - 6. Let v(b) = b**2 - 5*b + 2. Let t be v(4). Let s be (-3)/1 - (t + -144). Calculate the greatest common factor of h and s.
13
Let t(m) = -2*m + 8. Let l be t(0). Calculate the highest common factor of l and 8.
8
Suppose 6*k = -0*k + 84. Calculate the greatest common divisor of 35 and k.
7
Suppose a - 9 = 3*g, -3*a + 0*g - 5*g - 15 = 0. Suppose -2*q = a, -5*f + q + 21 - 6 = 0. Calculate the highest common factor of f and 9.
3
Suppose -2*s + 0*s + 35 = 3*h, 0 = -5*h - 5*s + 55. Suppose 2*i - h - 7 = 0. What is the highest common divisor of i and 10?
10
Suppose 12 = -5*r - 8. Let n be 2*((-74)/r + -2). What is the greatest common factor of 22 and n?
11
Let z = 5 - 3. What is the highest common divisor of 2 and z?
2
Let h be (-24)/(-4) + (-2)/1. What is the greatest common factor of 4 and h?
4
Let o = -66 - -99. Suppose 3*i - o - 49 = -x, 3*i + 2*x = 86. Calculate the greatest common divisor of 39 and i.
13
Let w(u) = u**2 + 13*u - 10. Let j be w(-10). Let l = -14 - j. Suppose 0 = g - 3*g + 208. Calculate the highest common divisor of g and l.
26
Let b(p) = -2*p**2 - 2*p + 2. Let o(j) = 3*j**2 + 2*j - 3. Let u(f) = 5*b(f) + 4*o(f). Let l be u(4). What is the highest common factor of 242 and l?
22
Let a be 4 + 0 - 8 - (2 - 500). What is the highest common factor of 13 and a?
13
Let v = 8 + -5. Let l(f) = f**2 - 1. Let q be l(-2). Calculate the highest common factor of q and v.
3
Let h(n) = -n**3 - 7*n**2 - 5*n - 1. Let c be h(-7). Calculate the greatest common divisor of 51 and c.
17
Let l(u) be the third derivative of 0 - 2*u**2 + 1/6*u**3 + 1/6*u**4 + 0*u + 1/60*u**5. Let m be l(-6). Calculate the greatest common divisor of 117 and m.
13
Let l be ((-3)/2)/(42/(-560)). Calculate the greatest common factor of l and 5.
5
Suppose z - 18 = -3*c + 1, c - 18 = 2*z. Let i be 2/(-1) + (90 - 0). Let a = -16 + i. Calculate the highest common factor of a and c.
8
Let w = -3 + -12. Let x be 118/3*w/(-10). Suppose -171 = -2*v - x. Calculate the highest common factor of v and 7.
7
Let g = 20 - 12. Let m = 29 + -21. Calculate the highest common divisor of g and m.
8
Let n be (-6)/5*20/(-6). Let b be 4 - (n/2)/2. Suppose 2*t = 3*t - 2. Calculate the highest common divisor of b and t.
1
Suppose 15*y = 13*y + 66. What is the highest common divisor of 22 and y?
11
Suppose -3*t = 2*t - 185. Let r = t - 9. Calculate the greatest common divisor of r and 7.
7
Let j be (-3*8)/(1 - 2). What is the greatest common factor of 36 and j?
12
Let j(i) = 15*i**2 - 3*i + 3. Let h be j(2). Let d = h + -2. Suppose -5 = 2*n - 3*n. Calculate the highest common factor of n and d.
5
Let w be (8/(-6))/((-4)/156). Let q = -44 - -22. Let y = q + w. Calculate the greatest common factor of y and 10.
10
Suppose 8*t = -19*t + 486. What is the highest common divisor of 30 and t?
6
Let y be ((-3)/3)/(1/(-2)). Let c be (-18)/(-3)*(-1 + y). What is the greatest common factor of c and 66?
6
Suppose -q = -6*q + 305. Suppose q = 5*j - 199. Calculate the highest common factor of j and 13.
13
Let z(o) = -o**3 - 9*o**2 - 10*o + 11. Let s be z(-8). Let i = 43 - s. Let b = i + -1. Calculate the highest common factor of b and 15.
15
Let i(d) = -d**2 + 20*d - 14. Let f be i(14). Let r = -6 + 8. Suppose -p + 12 = -r. What is the greatest common factor of f and p?
14
Let c(s) = -s**2 - 7*s - 5. Let v be c(-4). Suppose -38 - v = -2*r - d, r = -3*d + 25. What is the highest common divisor of 44 and r?
22
Let b = 124 + -33. Let p = -51 + b. Suppose -3*j = j - 240. What is the greatest common factor of j and p?
20
Let l(w) = 4*w + 4. Let f be l(-5). Suppose -4*u - 5*t - 3 = -2*t, 4*u - 1 = t. Let i = u - f. What is the highest common factor of i and 40?
8
Suppose 165 = 4*p - 5*r, 5 = -r + 4. Calculate the greatest common factor of p and 10.
10
Suppose i = 2*i + 5*y - 20, 0 = -3*i - 2*y + 60. What is the greatest common factor of i and 20?
20
Let o = -5 - -5. Let x be (o - (-15)/9)*3. Calculate the greatest common divisor of x and 2.
1
Let l(h) = -h**2 + 14*h + 18. Let w be l(14). Calculate the greatest common divisor of 9 and w.
9
Let x(y) be the third derivative of -y**6/120 - 7*y**5/60 - 7*y**4/24 + y**3/3 + 4*y**2. Let c be x(-6). Calculate the highest common factor of c and 88.
8
Suppose 2*b - 7 + 5 = 0. Let j(f) =